{"id":1161,"date":"2018-06-27T13:56:13","date_gmt":"2018-06-27T18:56:13","guid":{"rendered":"http:\/\/acuarioredfish.com\/?post_type=product&#038;p=1161"},"modified":"2021-06-16T15:17:23","modified_gmt":"2021-06-16T20:17:23","slug":"tapa-de-botella-de-sistema-generador-co2-casero","status":"publish","type":"product","link":"http:\/\/acuarioredfish.com\/?product=tapa-de-botella-de-sistema-generador-co2-casero","title":{"rendered":"Tapa de Botella de sistema generador CO2 casero"},"content":{"rendered":"<div>\n<h3><span style=\"color: #ffcc00;\"><strong>Tapa de Botella de sistema generador CO2 casero<\/strong><\/span><\/h3>\n<p><b>Caracter\u00edsticas:<\/b><\/p>\n<ul>\n<ul>\n<li>100% nuevo y de alta calidad.<\/li>\n<li>El sistema CO2 est\u00e1 dise\u00f1ado para uso del tanque de CO2 casero<\/li>\n<li>F\u00e1cil de configurar\/bajo costo\/excelente calidad<\/li>\n<li>Este tap\u00f3n de botella es muy adecuado para ser el accesorio del sistema de CO2 DIY que el tama\u00f1o se adapta a la rosca com\u00fan botella de pl\u00e1stico.<\/li>\n<li>La composici\u00f3n utiliza pl\u00e1stico especial de alta calidad para la emisi\u00f3n de gran resistividad de frotar, as\u00ed que puede ser utilizado durante mucho tiempo.<\/li>\n<li>En cuanto a la otra ventaja de espec\u00edfico, adjuntamos la gran calidad de pl\u00e1stico o anillo dentro de la tapa para evitar que escape el CO2.<\/li>\n<li>F\u00e1cil configuraci\u00f3n, excelente dise\u00f1o.<\/li>\n<li>Vale la pena intentarlo y usarlo.<\/li>\n<li><b>Especificaciones:<\/b><\/li>\n<li>Material: ABS<\/li>\n<li>Color: (mostrado como las im\u00e1genes)<\/li>\n<li>Tama\u00f1o: (como muestra la imagen)<br \/>\nDi\u00e1metro interior: aproximadamente 27.5mm\/1.08&#8243;<\/li>\n<\/ul>\n<\/ul>\n<\/div>\n<ul>\n<li><b>Paquetes incluye:<\/b><\/li>\n<li><\/li>\n<li data-spm-anchor-id=\"a219c.10010108.1000023.i6.503f9feelxApfN\"><b>1 unid x tapa de botella<\/b><\/li>\n<\/ul>\n","protected":false},"excerpt":{"rendered":"<p>Tapa de Botella de sistema generador CO2 casero Caracter\u00edsticas: 100% nuevo y de alta calidad. El sistema CO2 est\u00e1 dise\u00f1ado para uso del tanque de CO2 casero F\u00e1cil de configurar\/bajo costo\/excelente calidad Este tap\u00f3n de botella es muy adecuado para ser el accesorio del sistema de CO2 DIY que el tama\u00f1o se adapta a la [&hellip;]<\/p>\n","protected":false},"featured_media":1162,"comment_status":"open","ping_status":"closed","template":"","meta":[],"product_cat":[53],"product_tag":[],"class_list":{"0":"post-1161","1":"product","2":"type-product","3":"status-publish","4":"has-post-thumbnail","6":"product_cat-acuapaisajismo","8":"first","9":"instock","10":"shipping-taxable","11":"purchasable","12":"product-type-simple"},"_links":{"self":[{"href":"http:\/\/acuarioredfish.com\/index.php?rest_route=\/wp\/v2\/product\/1161","targetHints":{"allow":["GET"]}}],"collection":[{"href":"http:\/\/acuarioredfish.com\/index.php?rest_route=\/wp\/v2\/product"}],"about":[{"href":"http:\/\/acuarioredfish.com\/index.php?rest_route=\/wp\/v2\/types\/product"}],"replies":[{"embeddable":true,"href":"http:\/\/acuarioredfish.com\/index.php?rest_route=%2Fwp%2Fv2%2Fcomments&post=1161"}],"wp:featuredmedia":[{"embeddable":true,"href":"http:\/\/acuarioredfish.com\/index.php?rest_route=\/wp\/v2\/media\/1162"}],"wp:attachment":[{"href":"http:\/\/acuarioredfish.com\/index.php?rest_route=%2Fwp%2Fv2%2Fmedia&parent=1161"}],"wp:term":[{"taxonomy":"product_cat","embeddable":true,"href":"http:\/\/acuarioredfish.com\/index.php?rest_route=%2Fwp%2Fv2%2Fproduct_cat&post=1161"},{"taxonomy":"product_tag","embeddable":true,"href":"http:\/\/acuarioredfish.com\/index.php?rest_route=%2Fwp%2Fv2%2Fproduct_tag&post=1161"}],"curies":[{"name":"wp","href":"https:\/\/api.w.org\/{rel}","templated":true}]}}