{"id":1772,"date":"2018-12-21T15:48:05","date_gmt":"2018-12-21T20:48:05","guid":{"rendered":"http:\/\/acuarioredfish.com\/?post_type=product&#038;p=1772"},"modified":"2025-01-01T00:50:27","modified_gmt":"2025-01-01T05:50:27","slug":"ludwigia-repens-rubin","status":"publish","type":"product","link":"http:\/\/acuarioredfish.com\/?product=ludwigia-repens-rubin","title":{"rendered":"Ludwigia repens Rubin"},"content":{"rendered":"<p><strong>Nombre com\u00fan:<\/strong>\u00a0<em>Ludwigia repens \u201cRubin\u201d<\/em><br \/>\n<strong>Familia:<\/strong>\u00a0<em>Onagraceae<\/em><br \/>\n<strong>G\u00e9nero:<\/strong>\u00a0Ludwigia<br \/>\n<strong>Procedencia:<\/strong>\u00a0Norteam\u00e9rica<br \/>\n<strong>Dificultad:<\/strong>\u00a0F\u00e1cil<br \/>\n<strong>Crecimiento:<\/strong>\u00a0R\u00e1pido con aporte de nutrientes y buena iluminaci\u00f3n.<br \/>\nLa diferencia con la<em> L. repens<\/em> est\u00e1 en en el color m\u00e1s rojo intenso y unas hojas m\u00e1s estrechas<br \/>\n<strong>Requerimientos lum\u00ednicos:<\/strong>\u00a0Moderados-altos. A menos luz su crecimiento ser\u00e1 m\u00e1s lento con hojas verdes, con luz intensa sus hojas se tornar\u00e1n rojas con un crecimiento r\u00e1pido. Las hojas inferiores se caer\u00e1n si reciben un aporte de luz insuficiente.<br \/>\n<strong>Tama\u00f1o:<\/strong>\u00a0Alto 20-50 cm Ancho 5-10 cm<br \/>\n<strong>Situaci\u00f3n en el acuario:<\/strong>\u00a0Zona media o trasera<br \/>\n<strong>Reproducci\u00f3n:<\/strong>\u00a0Esquejes. Del tallo principal podado surgir\u00e1n nuevos brotes<br \/>\n<strong>Agua:<\/strong>\u00a0Ph 6-8, preferentemente \u00e1cida ; GH aguas blandas a duras<br \/>\n<strong>Temperatura:<\/strong>\u00a015\u00ba-28\u00ba<br \/>\n<strong>Sustrato:<\/strong>\u00a0De granulometr\u00eda fina a moderada. Agradece un sustrato rico en micro nutrientes<br \/>\n<strong>Nutrientes y Bio-indicadores<\/strong>: Abonado con macros (NPK) y micros (Fe)<br \/>\nCo2 no imprescindible pero lo agradece con luz intensa<br \/>\nCon niveles bajos de nitratos y altos de fosfatos las hojas ser\u00e1n m\u00e1s rojas<\/p>\n<p>&nbsp;<\/p>\n","protected":false},"excerpt":{"rendered":"<p>Tallo de 10 cm<\/p>\n","protected":false},"featured_media":1778,"comment_status":"open","ping_status":"closed","template":"","meta":[],"product_cat":[82,59,78,56,35],"product_tag":[],"class_list":{"0":"post-1772","1":"product","2":"type-product","3":"status-publish","4":"has-post-thumbnail","6":"product_cat-ludwigia","7":"product_cat-medianos-requerimientos","8":"product_cat-novedades","9":"product_cat-plantas_rojas","10":"product_cat-plantas-tipo-tallo","12":"first","13":"instock","14":"shipping-taxable","15":"purchasable","16":"product-type-variable","17":"has-default-attributes"},"_links":{"self":[{"href":"http:\/\/acuarioredfish.com\/index.php?rest_route=\/wp\/v2\/product\/1772","targetHints":{"allow":["GET"]}}],"collection":[{"href":"http:\/\/acuarioredfish.com\/index.php?rest_route=\/wp\/v2\/product"}],"about":[{"href":"http:\/\/acuarioredfish.com\/index.php?rest_route=\/wp\/v2\/types\/product"}],"replies":[{"embeddable":true,"href":"http:\/\/acuarioredfish.com\/index.php?rest_route=%2Fwp%2Fv2%2Fcomments&post=1772"}],"wp:featuredmedia":[{"embeddable":true,"href":"http:\/\/acuarioredfish.com\/index.php?rest_route=\/wp\/v2\/media\/1778"}],"wp:attachment":[{"href":"http:\/\/acuarioredfish.com\/index.php?rest_route=%2Fwp%2Fv2%2Fmedia&parent=1772"}],"wp:term":[{"taxonomy":"product_cat","embeddable":true,"href":"http:\/\/acuarioredfish.com\/index.php?rest_route=%2Fwp%2Fv2%2Fproduct_cat&post=1772"},{"taxonomy":"product_tag","embeddable":true,"href":"http:\/\/acuarioredfish.com\/index.php?rest_route=%2Fwp%2Fv2%2Fproduct_tag&post=1772"}],"curies":[{"name":"wp","href":"https:\/\/api.w.org\/{rel}","templated":true}]}}