{"id":2446,"date":"2021-05-12T21:17:50","date_gmt":"2021-05-13T02:17:50","guid":{"rendered":"http:\/\/acuarioredfish.com\/?post_type=product&#038;p=2446"},"modified":"2024-03-02T06:18:32","modified_gmt":"2024-03-02T11:18:32","slug":"grava-volcanica","status":"publish","type":"product","link":"http:\/\/acuarioredfish.com\/?product=grava-volcanica","title":{"rendered":"Grava volcanica"},"content":{"rendered":"<p>La grava volc\u00e1nica es un sustrato de origen volc\u00e1nico con pH neutro para acuarios de agua dulce. La estructura finamente porosa de la grava estimula la actividad bacteriana que promueve la liberaci\u00f3n natural de\u00a0nutrientes.\u00a0El resultado es un crecimiento fabuloso de las plantas. La roca volc\u00e1nica porosa garantiza la circulaci\u00f3n de agua en el fondo.\u00a0Las ra\u00edces reciben los nutrientes org\u00e1nicos de las plantas. Plantas vigorosas: suministro de ox\u00edgeno ideal y circulaci\u00f3n a trav\u00e9s de la estructura de poros abiertos.\u00a0Suministro prolongado de nutrientes y minerales.<\/p>\n<p>Disponible en color rojo y negro.<\/p>\n","protected":false},"excerpt":{"rendered":"<p>Presentaci\u00f3n: bolsa x 01 kilo\/bolsa x 05 kilos<\/p>\n","protected":false},"featured_media":2488,"comment_status":"open","ping_status":"closed","template":"","meta":[],"product_cat":[51],"product_tag":[],"class_list":{"0":"post-2446","1":"product","2":"type-product","3":"status-publish","4":"has-post-thumbnail","6":"product_cat-sustratos-inertes","7":"product_shipping_class-material-pesado","9":"first","10":"instock","11":"shipping-taxable","12":"purchasable","13":"product-type-variable","14":"has-default-attributes"},"_links":{"self":[{"href":"http:\/\/acuarioredfish.com\/index.php?rest_route=\/wp\/v2\/product\/2446","targetHints":{"allow":["GET"]}}],"collection":[{"href":"http:\/\/acuarioredfish.com\/index.php?rest_route=\/wp\/v2\/product"}],"about":[{"href":"http:\/\/acuarioredfish.com\/index.php?rest_route=\/wp\/v2\/types\/product"}],"replies":[{"embeddable":true,"href":"http:\/\/acuarioredfish.com\/index.php?rest_route=%2Fwp%2Fv2%2Fcomments&post=2446"}],"wp:featuredmedia":[{"embeddable":true,"href":"http:\/\/acuarioredfish.com\/index.php?rest_route=\/wp\/v2\/media\/2488"}],"wp:attachment":[{"href":"http:\/\/acuarioredfish.com\/index.php?rest_route=%2Fwp%2Fv2%2Fmedia&parent=2446"}],"wp:term":[{"taxonomy":"product_cat","embeddable":true,"href":"http:\/\/acuarioredfish.com\/index.php?rest_route=%2Fwp%2Fv2%2Fproduct_cat&post=2446"},{"taxonomy":"product_tag","embeddable":true,"href":"http:\/\/acuarioredfish.com\/index.php?rest_route=%2Fwp%2Fv2%2Fproduct_tag&post=2446"}],"curies":[{"name":"wp","href":"https:\/\/api.w.org\/{rel}","templated":true}]}}