{"id":2770,"date":"2024-03-12T02:17:28","date_gmt":"2024-03-12T07:17:28","guid":{"rendered":"https:\/\/acuarioredfish.com\/?post_type=product&#038;p=2770"},"modified":"2024-12-31T17:15:38","modified_gmt":"2024-12-31T22:15:38","slug":"trichocoronis-rivularis","status":"publish","type":"product","link":"http:\/\/acuarioredfish.com\/?product=trichocoronis-rivularis","title":{"rendered":"Trichocoronis rivularis"},"content":{"rendered":"<p><strong>Nombre com\u00fan:\u00a0<\/strong>Trichocoronus rivularis<\/p>\n<p><strong>Nombre cient\u00edfico:<\/strong> <em>Trichocoronus rivularis<\/em><br \/>\n<strong>Familia:<\/strong> <em>Asteraceae<\/em><br \/>\n<strong>Procedencia: <\/strong> Centro Am\u00e9rica. M\u00e9xico<br \/>\n<strong>Dificultad:<\/strong> F\u00e1cil<br \/>\n<strong>Crecimiento: <\/strong>R\u00e1pido.<br \/>\n<strong>Requerimientos lum\u00ednicos:<\/strong> Medios &#8211; muy altos.<br \/>\n<strong>Tama\u00f1o:<\/strong> 20 a 60 cms de alto; en ancho entre 10 cm a 15 cm)<br \/>\n<strong>Situaci\u00f3n en el acuario:<\/strong> Parte trasera y media.<br \/>\n<strong>Reproducci\u00f3n: <\/strong>Esquejes<br \/>\n<strong>Agua:<\/strong> PH: De 5,5 a 8; GH: se adapta tanto a aguas blandas como duras<br \/>\n<strong>Temperatura:<\/strong> De 18 a 30\u00baC.<br \/>\n<strong>Sustrato:<\/strong> Esta planta es relativamente f\u00e1cil de cuidar, pero requiere de un sustrato rico en nutrientes y preferiblemente fertilizaci\u00f3n regular para un crecimiento saludable.<br \/>\n<strong>CO2:<\/strong>\u00a0Con muy buena concentraci\u00f3n de CO2, la planta crecer\u00e1 muy densa y fuerte , adem\u00e1s de un abonado muy completo NPK+Fe<\/p>\n","protected":false},"excerpt":{"rendered":"<p>Tallo de 10 cm<\/p>\n","protected":false},"featured_media":2777,"comment_status":"open","ping_status":"closed","template":"","meta":[],"product_cat":[58,35],"product_tag":[],"class_list":{"0":"post-2770","1":"product","2":"type-product","3":"status-publish","4":"has-post-thumbnail","6":"product_cat-bajo-requerimientos","7":"product_cat-plantas-tipo-tallo","9":"first","10":"instock","11":"shipping-taxable","12":"purchasable","13":"product-type-variable","14":"has-default-attributes"},"_links":{"self":[{"href":"http:\/\/acuarioredfish.com\/index.php?rest_route=\/wp\/v2\/product\/2770","targetHints":{"allow":["GET"]}}],"collection":[{"href":"http:\/\/acuarioredfish.com\/index.php?rest_route=\/wp\/v2\/product"}],"about":[{"href":"http:\/\/acuarioredfish.com\/index.php?rest_route=\/wp\/v2\/types\/product"}],"replies":[{"embeddable":true,"href":"http:\/\/acuarioredfish.com\/index.php?rest_route=%2Fwp%2Fv2%2Fcomments&post=2770"}],"wp:featuredmedia":[{"embeddable":true,"href":"http:\/\/acuarioredfish.com\/index.php?rest_route=\/wp\/v2\/media\/2777"}],"wp:attachment":[{"href":"http:\/\/acuarioredfish.com\/index.php?rest_route=%2Fwp%2Fv2%2Fmedia&parent=2770"}],"wp:term":[{"taxonomy":"product_cat","embeddable":true,"href":"http:\/\/acuarioredfish.com\/index.php?rest_route=%2Fwp%2Fv2%2Fproduct_cat&post=2770"},{"taxonomy":"product_tag","embeddable":true,"href":"http:\/\/acuarioredfish.com\/index.php?rest_route=%2Fwp%2Fv2%2Fproduct_tag&post=2770"}],"curies":[{"name":"wp","href":"https:\/\/api.w.org\/{rel}","templated":true}]}}