{"id":2868,"date":"2024-03-17T17:11:09","date_gmt":"2024-03-17T22:11:09","guid":{"rendered":"https:\/\/acuarioredfish.com\/?post_type=product&#038;p=2868"},"modified":"2024-03-17T17:32:25","modified_gmt":"2024-03-17T22:32:25","slug":"rotala-green","status":"publish","type":"product","link":"http:\/\/acuarioredfish.com\/?product=rotala-green","title":{"rendered":"Rotala Green"},"content":{"rendered":"<p><strong>Nombre com\u00fan:<\/strong>\u00a0<em>Rotala Green<\/em><\/p>\n<p><strong>Nombre cient\u00edfico:<\/strong>\u00a0<em>Rotala rotundifolia \u00bb Green\u00bb<\/em><\/p>\n<p><strong>Familia: <\/strong><em>Lythraceae<\/em><br \/>\n<strong>Origen:<\/strong>\u00a0 Sudeste Asi\u00e1tico.<\/p>\n<p><strong>Dificultad: <\/strong>Media<\/p>\n<p><strong>Crecimiento:<\/strong> Medio\/R\u00e1pido seg\u00fan las condiciones lum\u00ednicas.<br \/>\n<strong>Tama\u00f1o:<\/strong> Crece de 10 a 50 cm de altura<\/p>\n<p><strong>Situaci\u00f3n en el acuario: <\/strong>Plano medio y fondo<\/p>\n<p><strong>Agua: <\/strong>pH de 6.4 a 7,2 GH: 3 &#8211; 7<\/p>\n<p><strong>Temperatura<\/strong>:\u00a0 20\u00b0 &#8211;\u00a0 26\u00b0 C<\/p>\n<p><strong>Necesidades lum\u00ednicas:<\/strong> Alta. A mayor luz y abonado m\u00e1s colorear\u00e1.<\/p>\n<p><strong>Tipo de sustrato:<\/strong>\u00a0Necesitan un sustrato nutritivo para tener un buen crecimiento.<\/p>\n<p><strong>CO2:<\/strong> Opcional, pero recomendable.<\/p>\n<p><strong>Nutrientes y Bio-indicadores:<\/strong> Marcadora de Hierro (Fe). En ausencia: decoloraci\u00f3n de las hojas, pobredumbre y crecimiento raqu\u00edtico. En su justa medida y tirando a alto en Fe, coloraci\u00f3n roja fuerte, le gusta un punto medio\/alto de P.<\/p>\n<p>&nbsp;<\/p>\n","protected":false},"excerpt":{"rendered":"<p>Tallo de 1o cm<\/p>\n","protected":false},"featured_media":2874,"comment_status":"open","ping_status":"closed","template":"","meta":[],"product_cat":[59,35],"product_tag":[],"class_list":{"0":"post-2868","1":"product","2":"type-product","3":"status-publish","4":"has-post-thumbnail","6":"product_cat-medianos-requerimientos","7":"product_cat-plantas-tipo-tallo","9":"first","10":"instock","11":"shipping-taxable","12":"purchasable","13":"product-type-variable","14":"has-default-attributes"},"_links":{"self":[{"href":"http:\/\/acuarioredfish.com\/index.php?rest_route=\/wp\/v2\/product\/2868","targetHints":{"allow":["GET"]}}],"collection":[{"href":"http:\/\/acuarioredfish.com\/index.php?rest_route=\/wp\/v2\/product"}],"about":[{"href":"http:\/\/acuarioredfish.com\/index.php?rest_route=\/wp\/v2\/types\/product"}],"replies":[{"embeddable":true,"href":"http:\/\/acuarioredfish.com\/index.php?rest_route=%2Fwp%2Fv2%2Fcomments&post=2868"}],"wp:featuredmedia":[{"embeddable":true,"href":"http:\/\/acuarioredfish.com\/index.php?rest_route=\/wp\/v2\/media\/2874"}],"wp:attachment":[{"href":"http:\/\/acuarioredfish.com\/index.php?rest_route=%2Fwp%2Fv2%2Fmedia&parent=2868"}],"wp:term":[{"taxonomy":"product_cat","embeddable":true,"href":"http:\/\/acuarioredfish.com\/index.php?rest_route=%2Fwp%2Fv2%2Fproduct_cat&post=2868"},{"taxonomy":"product_tag","embeddable":true,"href":"http:\/\/acuarioredfish.com\/index.php?rest_route=%2Fwp%2Fv2%2Fproduct_tag&post=2868"}],"curies":[{"name":"wp","href":"https:\/\/api.w.org\/{rel}","templated":true}]}}