{"id":2884,"date":"2024-03-17T18:37:45","date_gmt":"2024-03-17T23:37:45","guid":{"rendered":"https:\/\/acuarioredfish.com\/?post_type=product&#038;p=2884"},"modified":"2024-03-17T19:00:13","modified_gmt":"2024-03-18T00:00:13","slug":"rotala-manipurensis","status":"publish","type":"product","link":"http:\/\/acuarioredfish.com\/?product=rotala-manipurensis","title":{"rendered":"Rotala Manipurensis"},"content":{"rendered":"<p><strong>Nombre com\u00fan:<\/strong>\u00a0Rotala Manipurensis<\/p>\n<p><strong><span class=\"mycode_b\">Nombre cient\u00edfico:<\/span><\/strong> <em>Rotala Sp. manipurensis<\/em><br \/>\n<strong><span class=\"mycode_b\">Familia:<\/span>\u00a0<\/strong><em>Lythraceae<\/em>.<br \/>\n<strong><span class=\"mycode_b\">Procedencia:<\/span><\/strong> Sudeste de Asia.<br \/>\n<strong><span class=\"mycode_b\">Dificultad:<\/span>\u00a0<\/strong> Moderado.<br \/>\n<strong><span class=\"mycode_b\">Crecimiento:<\/span>\u00a0<\/strong>Medio, dependiendo de las condiciones del acuario.<br \/>\n<strong><span class=\"mycode_b\">Requerimientos lum\u00ednicos:<\/span><\/strong>\u00a0De medias a altas.<br \/>\n<strong><span class=\"mycode_b\">Tama\u00f1o:<\/span><\/strong>\u00a0Suele alcanzar una altura aprox a los 10 cm a 15 cm. En ancho de 3 a 5 cms aprox. De coloraci\u00f3n rojizos tirando a rosados.<br \/>\n<strong><span class=\"mycode_b\">Situaci\u00f3n en el acuario:<\/span><\/strong>\u00a0zona media.<br \/>\n<strong><span class=\"mycode_b\">Reproducci\u00f3n:<\/span><\/strong>\u00a0Planta de tallo, cortar y plantar. Se corta el tallo a unos\u00a0 cms del sustrato y se replanta. Con relativa rapidez crecer\u00e1n nuevos brotes de los tallos.<br \/>\n<strong><span class=\"mycode_b\">Agua:<\/span>.<\/strong> PH : de 6.5 a 7.5, preferentemente \u00e1cida ; GH : Agua blanda<br \/>\n<strong><span class=\"mycode_b\">Temperatura:<\/span><\/strong>\u00a024 a 28\u00baC.<br \/>\n<strong><span class=\"mycode_b\">Sustrato:<\/span><\/strong>\u00a0De granulometr\u00eda fina a media. Agradece un sustrato rico en nutrientes. En su ausencia, la planta buscar\u00e1 su \u201calimento\u201d a trav\u00e9s del agua generando unas ra\u00edces a\u00e9reas.<br \/>\n<strong><span class=\"mycode_b\">CO2:<\/span><\/strong>\u00a0Moderado, de 20-30 mg\/l.<br \/>\n<strong><span class=\"mycode_b\">Nutrientes y Bio-indicadores:<\/span><\/strong>\u00a0porte general y constante de macro y micro nutrientes (NPK y Fe).. Marcadora de Hierro (Fe).<br \/>\nEn ausencia: decoloraci\u00f3n de las hojas, podredumbre y crecimiento raqu\u00edtico.<\/p>\n<p>Rotala manipurensis cuando se cultiva con mucha luz y CO2, las hojas se estrechan y muestran tonos de naranja y rosa. En entornos ideales tendr\u00e1 una tasa de crecimiento r\u00e1pida.<\/p>\n","protected":false},"excerpt":{"rendered":"<p>Tallo de 1o cm<\/p>\n","protected":false},"featured_media":2889,"comment_status":"open","ping_status":"closed","template":"","meta":[],"product_cat":[59,56,35],"product_tag":[],"class_list":{"0":"post-2884","1":"product","2":"type-product","3":"status-publish","4":"has-post-thumbnail","6":"product_cat-medianos-requerimientos","7":"product_cat-plantas_rojas","8":"product_cat-plantas-tipo-tallo","10":"first","11":"instock","12":"shipping-taxable","13":"purchasable","14":"product-type-variable","15":"has-default-attributes"},"_links":{"self":[{"href":"http:\/\/acuarioredfish.com\/index.php?rest_route=\/wp\/v2\/product\/2884","targetHints":{"allow":["GET"]}}],"collection":[{"href":"http:\/\/acuarioredfish.com\/index.php?rest_route=\/wp\/v2\/product"}],"about":[{"href":"http:\/\/acuarioredfish.com\/index.php?rest_route=\/wp\/v2\/types\/product"}],"replies":[{"embeddable":true,"href":"http:\/\/acuarioredfish.com\/index.php?rest_route=%2Fwp%2Fv2%2Fcomments&post=2884"}],"wp:featuredmedia":[{"embeddable":true,"href":"http:\/\/acuarioredfish.com\/index.php?rest_route=\/wp\/v2\/media\/2889"}],"wp:attachment":[{"href":"http:\/\/acuarioredfish.com\/index.php?rest_route=%2Fwp%2Fv2%2Fmedia&parent=2884"}],"wp:term":[{"taxonomy":"product_cat","embeddable":true,"href":"http:\/\/acuarioredfish.com\/index.php?rest_route=%2Fwp%2Fv2%2Fproduct_cat&post=2884"},{"taxonomy":"product_tag","embeddable":true,"href":"http:\/\/acuarioredfish.com\/index.php?rest_route=%2Fwp%2Fv2%2Fproduct_tag&post=2884"}],"curies":[{"name":"wp","href":"https:\/\/api.w.org\/{rel}","templated":true}]}}