{"id":530,"date":"2018-05-31T11:24:26","date_gmt":"2018-05-31T16:24:26","guid":{"rendered":"http:\/\/dvg.99b.mywebsitetransfer.com\/?post_type=product&#038;p=530"},"modified":"2025-02-12T22:40:09","modified_gmt":"2025-02-13T03:40:09","slug":"musgo-willow","status":"publish","type":"product","link":"http:\/\/acuarioredfish.com\/?product=musgo-willow","title":{"rendered":"Musgo Willow"},"content":{"rendered":"<p><strong>Nombre com\u00fan:<\/strong>\u00a0Willow Moss, musgo de willow<br \/>\n<strong>Nombre cient\u00edfico:<\/strong>\u00a0<em>Fontinalis antipyretica willow<\/em><br \/>\n<strong>Familia:<\/strong>\u00a0<em>Fontinalaceae<\/em><br \/>\n<strong>Procedencia:<\/strong>\u00a0Europa<br \/>\n<strong>Dificultad:<\/strong>\u00a0F\u00e1cil<br \/>\n<strong>Crecimiento:<\/strong>\u00a0Es un musgo de crecimiento lento. En aguas \u00e1cidas crecer\u00e1 de manera mas compacta con tallos m\u00e1s cortos<br \/>\n<strong>Requerimientos lum\u00ednicos:<\/strong>\u00a0Bajos-Medios-Altos<br \/>\n<strong>Tama\u00f1o:<\/strong><br \/>\n<strong>Situaci\u00f3n en el acuario:<\/strong>\u00a0Zona delantera<br \/>\n<strong>Reproducci\u00f3n:<\/strong>\u00a0Se reproduce por divisi\u00f3n de los tallos atando estos a troncos u objetos<br \/>\n<strong>Agua:<\/strong>\u00a0pH : pH 6-7; Gh : 5-15\u00badKh<br \/>\n<strong>Temperatura:<\/strong>\u00a0Es un musgo que prefiere el agua fr\u00eda, no tolera bien temperaturas superiores a 22\u00baC<br \/>\n<strong>Sustrato:<\/strong>\u00a0Al igual que para muchos musgos el sustrato es indiferente, ya que su crecimiento se hace anclado a diferentes objetos como rocas y troncos.<br \/>\n<strong>CO2:<\/strong>\u00a0Aunque puede crecer sin \u00e9l, su aporte har\u00e1 que crezca de un verde mas intenso<br \/>\n<strong>Nutrientes y Bio-indicadores\u00a0<\/strong>: Prefieres aguas con valores bajos de N y P, ante niveles elevados, las hojas tienden a amarillear y el rizoma se har\u00e1 extremadamente visible.\u00a0 Se recomiendan cambios de agua frecuentes<\/p>\n<p><strong>\u00a0<\/strong><\/p>\n","protected":false},"excerpt":{"rendered":"<p>Porci\u00f3n de \u00e1rea de 3 x 3 cm<\/p>\n","protected":false},"featured_media":534,"comment_status":"open","ping_status":"closed","template":"","meta":[],"product_cat":[59,38,66],"product_tag":[],"class_list":{"0":"post-530","1":"product","2":"type-product","3":"status-publish","4":"has-post-thumbnail","6":"product_cat-medianos-requerimientos","7":"product_cat-musgos-y-hepaticas","8":"product_cat-plantas-para-nanoacuarios","10":"first","11":"outofstock","12":"shipping-taxable","13":"product-type-variable","14":"has-default-attributes"},"_links":{"self":[{"href":"http:\/\/acuarioredfish.com\/index.php?rest_route=\/wp\/v2\/product\/530","targetHints":{"allow":["GET"]}}],"collection":[{"href":"http:\/\/acuarioredfish.com\/index.php?rest_route=\/wp\/v2\/product"}],"about":[{"href":"http:\/\/acuarioredfish.com\/index.php?rest_route=\/wp\/v2\/types\/product"}],"replies":[{"embeddable":true,"href":"http:\/\/acuarioredfish.com\/index.php?rest_route=%2Fwp%2Fv2%2Fcomments&post=530"}],"wp:featuredmedia":[{"embeddable":true,"href":"http:\/\/acuarioredfish.com\/index.php?rest_route=\/wp\/v2\/media\/534"}],"wp:attachment":[{"href":"http:\/\/acuarioredfish.com\/index.php?rest_route=%2Fwp%2Fv2%2Fmedia&parent=530"}],"wp:term":[{"taxonomy":"product_cat","embeddable":true,"href":"http:\/\/acuarioredfish.com\/index.php?rest_route=%2Fwp%2Fv2%2Fproduct_cat&post=530"},{"taxonomy":"product_tag","embeddable":true,"href":"http:\/\/acuarioredfish.com\/index.php?rest_route=%2Fwp%2Fv2%2Fproduct_tag&post=530"}],"curies":[{"name":"wp","href":"https:\/\/api.w.org\/{rel}","templated":true}]}}