{"id":586,"date":"2018-05-31T13:03:47","date_gmt":"2018-05-31T18:03:47","guid":{"rendered":"http:\/\/acuarioredfish.com\/?post_type=product&#038;p=586"},"modified":"2024-03-02T14:40:05","modified_gmt":"2024-03-02T19:40:05","slug":"hydrocotyle-verticillata","status":"publish","type":"product","link":"http:\/\/acuarioredfish.com\/?product=hydrocotyle-verticillata","title":{"rendered":"Hydrocotyle verticillata"},"content":{"rendered":"<p><strong>Nombre com\u00fan:<\/strong>\u00a0Sombrerillo de agua o americano\/ Ombligo de venus.<\/p>\n<p><strong>Nombre cient\u00edfico:<\/strong>\u00a0 <em>Hydrocotyle verticillata<\/em><\/p>\n<p><strong>Familia:<\/strong>\u00a0<em>Araliaceae<\/em><br \/>\n<strong>G\u00e9nero:<\/strong>\u00a0<em>Hydrocotyle<\/em><br \/>\n<strong>Procedencia:<\/strong>\u00a0Am\u00e9rica y \u00c1frica.<br \/>\n<strong>Dificultad:<\/strong>\u00a0Baja o media, en funci\u00f3n de las condiciones de luz.<br \/>\n<strong>Crecimiento:<\/strong>\u00a0Al principio lento, pero medio una vez que se adapta a las condiciones del acuario.<br \/>\n<strong>Requerimientos lum\u00ednicos:<\/strong>\u00a0Medios o altos.<br \/>\n<strong>Tama\u00f1o:<\/strong>\u00a0Entre 3 y 10 cm de alto, ; de 5 a 10 cm a lo ancho.<br \/>\n<strong>Situaci\u00f3n en el acuario:<\/strong>\u00a0Zona media y delantera del acuario, o en la superficie como planta flotante.<br \/>\n<strong>Reproducci\u00f3n:<\/strong>\u00a0Mediante rizomas, que se pueden cortar y replantar en el sustrato, o bien dejar flotar en la superficie del agua como planta flotante.<br \/>\n<strong>Agua:<\/strong>\u00a0pH : Entre 5.5 y 7.5; GH: Aguas blandas preferiblemente.<br \/>\n<strong>Temperatura:<\/strong>\u00a0Entre 15\u00ba y 27\u00ba C.<br \/>\n<strong>Sustrato:<\/strong>\u00a0El tipo de sustrato y granulometr\u00eda es indiferente si se mantiene como planta flotante. En caso de plantarla en el sustrato, requiere una granulometr\u00eda fina o media.<br \/>\n<strong>CO2:<\/strong>\u00a0Es necesario un aporte preferiblemente de medio a alto.<br \/>\n<strong>Nutrientes y Bio-indicadores:<\/strong>\u00a0Necesita un aporte de macros NPK, as\u00ed como de micronutrientes Fe.<\/p>\n<p>La intensidad lum\u00ednica es decisiva en la altura de crecimiento de esta planta. Se mantendr\u00e1 con menos altura cuanto m\u00e1s alta sea la intensidad, y sus tallos rastreros se extender\u00e1n f\u00e1cilmente por el sustrato de forma densamente tapizante.<br \/>\nUn aporte balanceado de nutrientes y CO2 es muy beneficioso para su crecimiento. Si embargo, si lo que se busca es mantener un tama\u00f1o peque\u00f1o de sus hojas se debe evitar el exceso de nutrientes.<\/p>\n<p><strong>\u00a0<\/strong><\/p>\n","protected":false},"excerpt":{"rendered":"<p>Estol\u00f3n de 20 cm<\/p>\n","protected":false},"featured_media":585,"comment_status":"open","ping_status":"closed","template":"","meta":[],"product_cat":[59,66,37],"product_tag":[],"class_list":{"0":"post-586","1":"product","2":"type-product","3":"status-publish","4":"has-post-thumbnail","6":"product_cat-medianos-requerimientos","7":"product_cat-plantas-para-nanoacuarios","8":"product_cat-plantas-tapizantes","10":"first","11":"outofstock","12":"shipping-taxable","13":"product-type-variable","14":"has-default-attributes"},"_links":{"self":[{"href":"http:\/\/acuarioredfish.com\/index.php?rest_route=\/wp\/v2\/product\/586","targetHints":{"allow":["GET"]}}],"collection":[{"href":"http:\/\/acuarioredfish.com\/index.php?rest_route=\/wp\/v2\/product"}],"about":[{"href":"http:\/\/acuarioredfish.com\/index.php?rest_route=\/wp\/v2\/types\/product"}],"replies":[{"embeddable":true,"href":"http:\/\/acuarioredfish.com\/index.php?rest_route=%2Fwp%2Fv2%2Fcomments&post=586"}],"wp:featuredmedia":[{"embeddable":true,"href":"http:\/\/acuarioredfish.com\/index.php?rest_route=\/wp\/v2\/media\/585"}],"wp:attachment":[{"href":"http:\/\/acuarioredfish.com\/index.php?rest_route=%2Fwp%2Fv2%2Fmedia&parent=586"}],"wp:term":[{"taxonomy":"product_cat","embeddable":true,"href":"http:\/\/acuarioredfish.com\/index.php?rest_route=%2Fwp%2Fv2%2Fproduct_cat&post=586"},{"taxonomy":"product_tag","embeddable":true,"href":"http:\/\/acuarioredfish.com\/index.php?rest_route=%2Fwp%2Fv2%2Fproduct_tag&post=586"}],"curies":[{"name":"wp","href":"https:\/\/api.w.org\/{rel}","templated":true}]}}